+ 0)/2. Let a(x) = -x**3 + 7*x**2 - 5*x - 3. What are the prime factors of a(w)?
3
Suppose 0*d = 4*d + 16. Let f = d + 7. List the prime factors of (1/1 - f) + 14.
2, 3
Let b = -5 - -8. List the prime factors of 29 + 2 + (2 - b).
2, 3, 5
Suppose 2*w = -57 + 245. What are the prime factors of w?
2, 47
Let a = 68 + -37. List the prime factors of a.
31
Let v be (-1)/(6/4 - 2). Suppose 26 + v = 2*y. List the prime factors of y.
2, 7
Let w(k) = -k**3 + 7*k**2 + 2*k - 4. What are the prime factors of w(4)?
2, 13
Suppose -5*a - 199 = -4*u, -3*u = -u - 2*a - 98. What are the prime factors of u?
2, 23
Let b(n) = -n + 2. Let q be b(2). Suppose q*a + 22 = a. Let l = a + -11. List the prime factors of l.
11
Let o be (1/3)/((-1)/(-12)). Let b be -1 - 2/1 - -7. List the prime factors of 39/o + 1/b.
2, 5
Let n(z) be the third derivative of 3*z**5/20 - z**4/24 + z**2. Let w = 21 + -20. List the prime factors of n(w).
2
Let n(d) = d**3 + 4*d**2 + 3*d. Let t be n(-2). What are the prime factors of t + -4 + -1 + 7?
2
Suppose -5*n - 20 = -0. Let z = 9 + n. List the prime factors of z.
5
What are the prime factors of ((-76)/12)/((-6)/288)?
2, 19
What are the prime factors of (252/56)/((-6)/(-332))?
3, 83
Let l(k) = -3*k**3 + k**2 + k + 1. Let m be l(-1). Let o(t) = t**3 - 2*t**2 - 4*t. What are the prime factors of o(m)?
2
Let h be -2 - (-1 - 1)*1. Suppose h = 2*t + 3*t - 35. List the prime factors of t.
7
Let o(n) = -n**3 + 8*n**2 - 7*n + 9. Let t be o(7). Suppose -4*d = -4*i, -10 = 3*d + 4*i - t*i. What are the prime factors of d?
5
Let a be (0/1 - 13)*-5. Suppose -p = 4*p - a. List the prime factors of p.
13
Let p(d) = 2*d**3 - 2*d**2 - 1. What are the prime factors of p(2)?
7
Suppose 3*w - 160 = -55. Let z = w - 10. What are the prime factors of z?
5
Let z = 2 - -1. Suppose 5*d = x - 0*d - 47, 3*d - 188 = -4*x. Suppose -z*q + x = 5*t, t - 6*q + q = -13. What are the prime factors of t?
7
Suppose 0*o - 5 = -o. Suppose -h + o = 2, -4*a + 2*h = -10. What are the prime factors of a?
2
Suppose -2*h + 19 = b, 0*b - 4*h = b - 27. Let k = b - 6. List the prime factors of k.
5
Suppose 15 = 5*v - 0. Let q = 1 - -26. Suppose -4*t = 3*d - q, -t + 4*d = v - 5. What are the prime factors of t?
2, 3
Suppose 3*m = -4*y + 34, -2*m - 2*m = 8. Let u be -3 + y/4*2. Suppose 6*x = -4*a + u*x + 64, -4*a = 5*x - 66. What are the prime factors of a?
2, 7
Suppose 0 = 2*s - 390 - 162. What are the prime factors of 4/6 - s/(-18)?
2
Let t(o) be the third derivative of o**5/60 + 5*o**4/24 + o**3/3 + 2*o**2. Let r be t(-5). Suppose -r*b - 2 = -18. List the prime factors of b.
2
Suppose 45 = 3*a - 3*c, -2*a - 2 = 5*c + 3. What are the prime factors of 344/a - (-24)/40?
5, 7
Suppose 8 = 2*f - 0. Let b be (0 + (-3 - -2))*-1. Let v = b + f. What are the prime factors of v?
5
Suppose 3*k + 6*n - 2*n - 16 = 0, -4*k + 5*n - 20 = 0. Let g = k + 5. Suppose -h + 76 = g*x, -2*h - 23 = -2*x + 5. What are the prime factors of x?
3, 5
Suppose -2*p - 4*w + 606 = 0, 4*p - 1559 = -3*w - 357. What are the prime factors of p?
13, 23
Let b(u) be the second derivative of 4*u**3/3 + u**2 - 2*u. List the prime factors of b(5).
2, 3, 7
Let f = 6 - 5. Let t be 0 + 0*(0 + f). What are the prime factors of -2 - -1 - (t + -8)?
7
Suppose 2*g = 4*g + 14. Let q = g + 20. What are the prime factors of q?
13
Let a = 9 - 7. Suppose a*n + 2*n = 0. Suppose i + 17 = 3*z, n*z + 4*z = i + 24. What are the prime factors of z?
7
Suppose 2*u = 3*k + 110, 0 = 4*u - u - 2*k - 165. List the prime factors of u.
5, 11
Suppose 2*d = -5*b + 15, -5*b + 3*d + 15 = 2*d. Suppose -103 = -b*o - 25. List the prime factors of o.
2, 13
Suppose 6*x - 2*x - 60 = 0. List the prime factors of x.
3, 5
Let t be 2 - (-2 - 2/1). What are the prime factors of 2/t + (-48)/(-18)?
3
Let q(t) = t**2 - 3*t + 3. Let d be q(2). Let l be 30/(2/1)*d. List the prime factors of 6/l + (-46)/(-10).
5
Let s(w) = w**2 + 9*w. Let c be s(-10). Let p = 22 - c. What are the prime factors of p?
2, 3
Let v be -1 + 1 - -6 - 2. Let y = v - 2. List the prime factors of (10 + -3)*(y + -1).
7
Let j be (-12)/42 - 23/(-7). Suppose -j*u = -72 + 12. What are the prime factors of u?
2, 5
Let m be (-2)/3 + (-10)/3. Let z = 0 - -16. What are the prime factors of (-1)/m - (-220)/z?
2, 7
Let f(d) = -164*d + 12. List the prime factors of f(-1).
2, 11
Suppose -s = t, 0*s = -t + s - 8. Let v(k) = -2*k - 1. What are the prime factors of v(t)?
7
Let b be 3/15 - (-14)/5. Let t = 12 + -5. Let f = t - b. List the prime factors of f.
2
Let h(x) = -2 + x**3 + 5 + 0*x**3 - 4*x. Let u be h(3). Suppose v = 3*v - u. List the prime factors of v.
3
Let s(z) = z**3 - 3*z**2 + 2*z. Let n be (-3 - -2)/(-1) + 1. Let k be s(n). Suppose o = 3 - k. List the prime factors of o.
3
Let v = 7 + -5. What are the prime factors of v?
2
Let f(u) be the third derivative of u**4/8 - u**3/6 + 2*u**2. List the prime factors of f(6).
17
Suppose -a - 19 = -5*y, -3*y + y + 5*a = -3. Suppose 1 = y*b - 47. List the prime factors of b.
2, 3
What are the prime factors of 461/5 - (-68)/85?
3, 31
Suppose 0 = -3*c + 5*r + 153, 2*r - 287 = -4*c - 109. What are the prime factors of c?
2, 23
Let u = -60 + 125. List the prime factors of u.
5, 13
Let r(l) = -3 - 2*l + 15*l**2 + 29*l**2 + 0 + 4. List the prime factors of r(1).
43
Let b = -194 - -299. What are the prime factors of b?
3, 5, 7
Let b(g) = -g - 11. Let u be b(-7). List the prime factors of (u + -1)/((-3)/6).
2, 5
Let m = -4 - -37. Suppose -4*t - 45 = 15. Let y = t + m. List the prime factors of y.
2, 3
Suppose 6*v + 395 = 11*v. What are the prime factors of v?
79
Let u(y) = -y**3 - 3*y**2 + 3*y - 4. Let v be u(-4). Let j be (5 + v)*2/5. Suppose j*k + 5*q = 29, -2*q = -k - k + 8. List the prime factors of k.
7
Suppose 65 = 4*t - 5*l, -23 = 3*l - 8. What are the prime factors of t?
2, 5
Let x be (-1 + -1)/((-1)/3). Let d(s) = s + 5. Let g be d(-4). Let f = x - g. List the prime factors of f.
5
Let w be 12*(2 + 0)/(-2). Let f = 4 - w. List the prime factors of f.
2
Suppose 6*x = 3*x - 30. List the prime factors of (-4)/x - (-92)/20.
5
Let i(y) be the second derivative of -2*y**3/3 - y. List the prime factors of i(-3).
2, 3
Let j be (2 + -1)*2/1. Let z = j + -2. What are the prime factors of 5 - (2 + z + -1)?
2
Let r(i) = -50*i - 1. What are the prime factors of r(-3)?
149
Suppose -4*l - s + 51 = 4*s, 0 = 2*s + 2. What are the prime factors of l?
2, 7
Let d(j) = -j**2 - 13*j + 14. What are the prime factors of d(-10)?
2, 11
Let a(x) = -x + 15. Let h be 8/(-44) + (-158)/(-22). What are the prime factors of a(h)?
2
Let v = -2 - -3. Let q(o) = 31 - 30 - 3*o + 13*o. List the prime factors of q(v).
11
Let j(h) = h**2 - h - 2. Let y be j(3). Let k = 9 + -5. Suppose b = -k*w + 9, w = -5*b - 8 - y. What are the prime factors of w?
3
Let w = 11 + -8. Suppose 0 = w*m - 5 - 13. What are the prime factors of m?
2, 3
Let v(y) = y**3 + 11*y**2 - 11*y - 5. Let b be v(-12). Let x = b + 30. List the prime factors of x.
13
Let g(z) = 127*z + 8. List the prime factors of g(2).
2, 131
Let d = -18 + 47. What are the prime factors of d?
29
Let m = 673 - 421. What are the prime factors of m?
2, 3, 7
Let k(o) = 1 + 2*o - 1 - 4. List the prime factors of k(7).
2, 5
Let r = -114 + 317. What are the prime factors of r?
7, 29
Let r(x) = 4*x + 1. What are the prime factors of r(6)?
5
Let s = 26 - 18. Suppose 3*b + 2*q + 19 = 6*q, 5*q - s = 2*b. Let l = -5 - b. What are the prime factors of l?
2
Suppose -3*z + 140 = i, 4*i - 240 = -5*z + i. What are the prime factors of z?
3, 5
Let o(x) = -9*x + 13. Let t(y) = 1 + 0 - 7 + 4*y. Let s(g) = -3*o(g) - 7*t(g). List the prime factors of s(-8).
11
Let h(n) be the third derivative of n**6/120 + 11*n**5/60 - n**4/12 + n**3 + 3*n**2. List the prime factors of h(-11).
2, 7
Let w(p) = p**3 - 9*p**2 + 8*p + 5. Let d be w(8). Suppose 120 = 2*k + 3*k. Suppose d*b = b + k. What are the prime factors of b?
2, 3
Suppose x - 8*x + 224 = 0. What are the prime factors of x?
2
Let r = 0 + 3. Suppose -r*t + 5 = -52. What are the prime factors of t?
19
Suppose 12 = 2*h - 24. List the prime factors of h.
2, 3
Let k be -2*(1 + (-5)/2). Suppose 0 = s + k*s - 5*j - 68, 5*s - 90 = 5*j. List the prime factors of s.
2, 11
Let r = -3 - -6. Let c = 15 - r. Suppose -3*l + 27 = -c. List the 